{"id":389,"date":"2024-10-13T11:58:23","date_gmt":"2024-10-13T11:58:23","guid":{"rendered":"https:\/\/competent-saha.46-4-20-29.plesk.page\/?page_id=389"},"modified":"2025-08-25T08:50:47","modified_gmt":"2025-08-25T08:50:47","slug":"visitenkarten","status":"publish","type":"page","link":"https:\/\/elena.hosting-dk.de\/?page_id=389","title":{"rendered":"Visitenkarten"},"content":{"rendered":"\t\t<div data-elementor-type=\"wp-page\" data-elementor-id=\"389\" class=\"elementor elementor-389\">\n\t\t\t\t\t\t<section class=\"elementor-section elementor-top-section elementor-element elementor-element-5ff48407 elementor-section-height-min-height elementor-section-full_width elementor-section-items-bottom elementor-section-height-default wpr-particle-no wpr-jarallax-no wpr-parallax-no wpr-sticky-section-no\" data-id=\"5ff48407\" data-element_type=\"section\" data-settings=\"{&quot;background_background&quot;:&quot;classic&quot;}\">\n\t\t\t\t\t\t<div class=\"elementor-container elementor-column-gap-default\">\n\t\t\t\t\t<div class=\"elementor-column elementor-col-100 elementor-top-column elementor-element elementor-element-2e8df0d8\" data-id=\"2e8df0d8\" data-element_type=\"column\">\n\t\t\t<div class=\"elementor-widget-wrap elementor-element-populated\">\n\t\t\t\t\t\t<div class=\"elementor-element elementor-element-6413aeed wpr-pointer-line-fx wpr-pointer-fx-slide wpr-main-menu-align-center wpr-main-menu-align--tabletcenter wpr-main-menu-align--mobileleft wpr-pointer-underline wpr-sub-icon-caret-down wpr-sub-menu-fx-fade wpr-nav-menu-bp-mobile wpr-mobile-menu-full-width wpr-mobile-menu-item-align-center wpr-mobile-toggle-v1 wpr-mobile-divider-yes elementor-widget elementor-widget-wpr-nav-menu\" data-id=\"6413aeed\" data-element_type=\"widget\" data-settings=\"{&quot;menu_layout&quot;:&quot;horizontal&quot;}\" data-widget_type=\"wpr-nav-menu.default\">\n\t\t\t\t<div class=\"elementor-widget-container\">\n\t\t\t<nav class=\"wpr-nav-menu-container wpr-nav-menu-horizontal\" data-trigger=\"hover\"><ul id=\"menu-1-6413aeed\" class=\"wpr-nav-menu\"><li class=\"menu-item menu-item-type-post_type menu-item-object-page menu-item-home menu-item-193\"><a href=\"https:\/\/elena.hosting-dk.de\/\" class=\"wpr-menu-item wpr-pointer-item\">Homepage<\/a><\/li>\n<li class=\"menu-item menu-item-type-post_type menu-item-object-page menu-item-233\"><a href=\"https:\/\/elena.hosting-dk.de\/?page_id=182\" class=\"wpr-menu-item wpr-pointer-item\">\u00dcber mich<\/a><\/li>\n<li class=\"menu-item menu-item-type-post_type menu-item-object-page menu-item-has-children menu-item-381\"><a href=\"https:\/\/elena.hosting-dk.de\/?page_id=374\" class=\"wpr-menu-item wpr-pointer-item\">Projekte<i class=\"wpr-sub-icon fas\" aria-hidden=\"true\"><\/i><\/a>\n<ul class=\"sub-menu wpr-sub-menu\">\n\t<li class=\"menu-item menu-item-type-post_type menu-item-object-page menu-item-292\"><a href=\"https:\/\/elena.hosting-dk.de\/?page_id=247\" class=\"wpr-sub-menu-item\">Brosch\u00fcren<\/a><\/li>\n\t<li class=\"menu-item menu-item-type-post_type menu-item-object-page menu-item-395\"><a href=\"https:\/\/elena.hosting-dk.de\/?page_id=389\" class=\"wpr-sub-menu-item\">Visitenkarten<\/a><\/li>\n\t<li class=\"menu-item menu-item-type-post_type menu-item-object-page menu-item-394\"><a href=\"https:\/\/elena.hosting-dk.de\/?page_id=391\" class=\"wpr-sub-menu-item\">Plakate, Flyer und Folder<\/a><\/li>\n<\/ul>\n<\/li>\n<li class=\"menu-item menu-item-type-post_type menu-item-object-page menu-item-458\"><a href=\"https:\/\/elena.hosting-dk.de\/?page_id=396\" class=\"wpr-menu-item wpr-pointer-item\">Impressum<\/a><\/li>\n<\/ul><\/nav><nav class=\"wpr-mobile-nav-menu-container\"><div class=\"wpr-mobile-toggle-wrap\"><div class=\"wpr-mobile-toggle\"><span class=\"wpr-mobile-toggle-line\"><\/span><span class=\"wpr-mobile-toggle-line\"><\/span><span class=\"wpr-mobile-toggle-line\"><\/span><\/div><\/div><ul id=\"mobile-menu-2-6413aeed\" class=\"wpr-mobile-nav-menu\"><li class=\"menu-item menu-item-type-post_type menu-item-object-page menu-item-home menu-item-193\"><a href=\"https:\/\/elena.hosting-dk.de\/\" class=\"wpr-mobile-menu-item\">Homepage<\/a><\/li>\n<li class=\"menu-item menu-item-type-post_type menu-item-object-page menu-item-233\"><a href=\"https:\/\/elena.hosting-dk.de\/?page_id=182\" class=\"wpr-mobile-menu-item\">\u00dcber mich<\/a><\/li>\n<li class=\"menu-item menu-item-type-post_type menu-item-object-page menu-item-has-children menu-item-381\"><a href=\"https:\/\/elena.hosting-dk.de\/?page_id=374\" class=\"wpr-mobile-menu-item\">Projekte<\/a>\n<ul class=\"sub-menu wpr-sub-menu\">\n\t<li class=\"menu-item menu-item-type-post_type menu-item-object-page menu-item-292\"><a href=\"https:\/\/elena.hosting-dk.de\/?page_id=247\" class=\"wpr-mobile-sub-menu-item\">Brosch\u00fcren<\/a><\/li>\n\t<li class=\"menu-item menu-item-type-post_type menu-item-object-page menu-item-395\"><a href=\"https:\/\/elena.hosting-dk.de\/?page_id=389\" class=\"wpr-mobile-sub-menu-item\">Visitenkarten<\/a><\/li>\n\t<li class=\"menu-item menu-item-type-post_type menu-item-object-page menu-item-394\"><a href=\"https:\/\/elena.hosting-dk.de\/?page_id=391\" class=\"wpr-mobile-sub-menu-item\">Plakate, Flyer und Folder<\/a><\/li>\n<\/ul>\n<\/li>\n<li class=\"menu-item menu-item-type-post_type menu-item-object-page menu-item-458\"><a href=\"https:\/\/elena.hosting-dk.de\/?page_id=396\" class=\"wpr-mobile-menu-item\">Impressum<\/a><\/li>\n<\/ul><\/nav>\t\t<\/div>\n\t\t\t\t<\/div>\n\t\t\t\t\t<\/div>\n\t\t<\/div>\n\t\t\t\t\t<\/div>\n\t\t<\/section>\n\t\t<div class=\"elementor-element elementor-element-f2788f5 e-flex e-con-boxed wpr-particle-no wpr-jarallax-no wpr-parallax-no wpr-sticky-section-no e-con e-parent\" data-id=\"f2788f5\" data-element_type=\"container\">\n\t\t\t\t\t<div class=\"e-con-inner\">\n\t\t\t\t<div class=\"elementor-element elementor-element-6ca374f elementor-widget elementor-widget-spacer\" data-id=\"6ca374f\" data-element_type=\"widget\" data-widget_type=\"spacer.default\">\n\t\t\t\t<div class=\"elementor-widget-container\">\n\t\t\t\t\t<div class=\"elementor-spacer\">\n\t\t\t<div class=\"elementor-spacer-inner\"><\/div>\n\t\t<\/div>\n\t\t\t\t<\/div>\n\t\t\t\t<\/div>\n\t\t\t\t<div class=\"elementor-element elementor-element-5d409db elementor-widget elementor-widget-heading\" data-id=\"5d409db\" data-element_type=\"widget\" data-widget_type=\"heading.default\">\n\t\t\t\t<div class=\"elementor-widget-container\">\n\t\t\t<h2 class=\"elementor-heading-title elementor-size-default\">Brosch\u00fcren<\/h2>\t\t<\/div>\n\t\t\t\t<\/div>\n\t\t\t\t<div class=\"elementor-element elementor-element-042d76e elementor-widget elementor-widget-text-editor\" data-id=\"042d76e\" data-element_type=\"widget\" data-widget_type=\"text-editor.default\">\n\t\t\t\t<div class=\"elementor-widget-container\">\n\t\t\t\t\t\t\t<p>Hier findest du meine gestalteten Visitenkarten &#8211; viel Spa\u00df beim St\u00f6rbern!<\/p>\t\t\t\t\t\t<\/div>\n\t\t\t\t<\/div>\n\t\t\t\t\t<\/div>\n\t\t\t\t<\/div>\n\t\t<div class=\"elementor-element elementor-element-701419a e-flex e-con-boxed wpr-particle-no wpr-jarallax-no wpr-parallax-no wpr-sticky-section-no e-con e-parent\" data-id=\"701419a\" data-element_type=\"container\">\n\t\t\t\t\t<div class=\"e-con-inner\">\n\t\t\t\t<div class=\"elementor-element elementor-element-bf2980c elementor-widget elementor-widget-spacer\" data-id=\"bf2980c\" data-element_type=\"widget\" data-widget_type=\"spacer.default\">\n\t\t\t\t<div class=\"elementor-widget-container\">\n\t\t\t\t\t<div class=\"elementor-spacer\">\n\t\t\t<div class=\"elementor-spacer-inner\"><\/div>\n\t\t<\/div>\n\t\t\t\t<\/div>\n\t\t\t\t<\/div>\n\t\t\t\t<div class=\"elementor-element elementor-element-5c518c8 elementor-widget elementor-widget-heading\" data-id=\"5c518c8\" data-element_type=\"widget\" data-widget_type=\"heading.default\">\n\t\t\t\t<div class=\"elementor-widget-container\">\n\t\t\t<h2 class=\"elementor-heading-title elementor-size-default\">EDMX- Visitenkarte<\/h2>\t\t<\/div>\n\t\t\t\t<\/div>\n\t\t\t\t\t<\/div>\n\t\t\t\t<\/div>\n\t\t<div class=\"elementor-element elementor-element-3b7ab4a e-flex e-con-boxed wpr-particle-no wpr-jarallax-no wpr-parallax-no wpr-sticky-section-no e-con e-parent\" data-id=\"3b7ab4a\" data-element_type=\"container\" data-settings=\"{&quot;background_background&quot;:&quot;classic&quot;}\">\n\t\t\t\t\t<div class=\"e-con-inner\">\n\t\t<div class=\"elementor-element elementor-element-e771c07 e-con-full e-flex wpr-particle-no wpr-jarallax-no wpr-parallax-no wpr-sticky-section-no e-con e-child\" data-id=\"e771c07\" data-element_type=\"container\">\n\t\t\t\t<div class=\"elementor-element elementor-element-993b8e9 elementor-widget elementor-widget-image\" data-id=\"993b8e9\" data-element_type=\"widget\" data-widget_type=\"image.default\">\n\t\t\t\t<div class=\"elementor-widget-container\">\n\t\t\t\t\t\t\t\t\t\t\t\t\t\t<a href=\"https:\/\/elena.hosting-dk.de\/wp-content\/uploads\/2024\/10\/EDMX_Visitenkarte-1.png\" data-elementor-open-lightbox=\"yes\" data-elementor-lightbox-title=\"EDMX_Visitenkarte\" data-e-action-hash=\"#elementor-action%3Aaction%3Dlightbox%26settings%3DeyJpZCI6MzM4LCJ1cmwiOiJodHRwczpcL1wvZWxlbmEuaG9zdGluZy1kay5kZVwvd3AtY29udGVudFwvdXBsb2Fkc1wvMjAyNFwvMTBcL0VETVhfVmlzaXRlbmthcnRlLTEucG5nIn0%3D\">\n\t\t\t\t\t\t\t<img fetchpriority=\"high\" decoding=\"async\" width=\"800\" height=\"518\" src=\"https:\/\/elena.hosting-dk.de\/wp-content\/uploads\/2024\/10\/EDMX_Visitenkarte-1.png\" class=\"elementor-animation-shrink attachment-large size-large wp-image-338\" alt=\"\" srcset=\"https:\/\/elena.hosting-dk.de\/wp-content\/uploads\/2024\/10\/EDMX_Visitenkarte-1.png 1004w, https:\/\/elena.hosting-dk.de\/wp-content\/uploads\/2024\/10\/EDMX_Visitenkarte-1-300x194.png 300w, https:\/\/elena.hosting-dk.de\/wp-content\/uploads\/2024\/10\/EDMX_Visitenkarte-1-768x497.png 768w\" sizes=\"(max-width: 800px) 100vw, 800px\" \/>\t\t\t\t\t\t\t\t<\/a>\n\t\t\t\t\t\t\t\t\t\t\t\t\t<\/div>\n\t\t\t\t<\/div>\n\t\t\t\t<\/div>\n\t\t<div class=\"elementor-element elementor-element-d67050b e-con-full e-flex wpr-particle-no wpr-jarallax-no wpr-parallax-no wpr-sticky-section-no e-con e-child\" data-id=\"d67050b\" data-element_type=\"container\">\n\t\t\t\t<div class=\"elementor-element elementor-element-ccfebed elementor-widget elementor-widget-image\" data-id=\"ccfebed\" data-element_type=\"widget\" data-widget_type=\"image.default\">\n\t\t\t\t<div class=\"elementor-widget-container\">\n\t\t\t\t\t\t\t\t\t\t\t\t\t\t<a href=\"https:\/\/elena.hosting-dk.de\/wp-content\/uploads\/2024\/10\/EDMX_Visitenkarte2-1.png\" data-elementor-open-lightbox=\"yes\" data-elementor-lightbox-title=\"EDMX_Visitenkarte2\" data-e-action-hash=\"#elementor-action%3Aaction%3Dlightbox%26settings%3DeyJpZCI6MzM5LCJ1cmwiOiJodHRwczpcL1wvZWxlbmEuaG9zdGluZy1kay5kZVwvd3AtY29udGVudFwvdXBsb2Fkc1wvMjAyNFwvMTBcL0VETVhfVmlzaXRlbmthcnRlMi0xLnBuZyJ9\">\n\t\t\t\t\t\t\t<img decoding=\"async\" width=\"800\" height=\"518\" src=\"https:\/\/elena.hosting-dk.de\/wp-content\/uploads\/2024\/10\/EDMX_Visitenkarte2-1.png\" class=\"elementor-animation-shrink attachment-large size-large wp-image-339\" alt=\"\" srcset=\"https:\/\/elena.hosting-dk.de\/wp-content\/uploads\/2024\/10\/EDMX_Visitenkarte2-1.png 1004w, https:\/\/elena.hosting-dk.de\/wp-content\/uploads\/2024\/10\/EDMX_Visitenkarte2-1-300x194.png 300w, https:\/\/elena.hosting-dk.de\/wp-content\/uploads\/2024\/10\/EDMX_Visitenkarte2-1-768x497.png 768w\" sizes=\"(max-width: 800px) 100vw, 800px\" \/>\t\t\t\t\t\t\t\t<\/a>\n\t\t\t\t\t\t\t\t\t\t\t\t\t<\/div>\n\t\t\t\t<\/div>\n\t\t\t\t<\/div>\n\t\t\t\t\t<\/div>\n\t\t\t\t<\/div>\n\t\t<div class=\"elementor-element elementor-element-291661d e-flex e-con-boxed wpr-particle-no wpr-jarallax-no wpr-parallax-no wpr-sticky-section-no e-con e-parent\" data-id=\"291661d\" data-element_type=\"container\">\n\t\t\t\t\t<div class=\"e-con-inner\">\n\t\t\t\t<div class=\"elementor-element elementor-element-df5f373 elementor-widget elementor-widget-spacer\" data-id=\"df5f373\" data-element_type=\"widget\" data-widget_type=\"spacer.default\">\n\t\t\t\t<div class=\"elementor-widget-container\">\n\t\t\t\t\t<div class=\"elementor-spacer\">\n\t\t\t<div class=\"elementor-spacer-inner\"><\/div>\n\t\t<\/div>\n\t\t\t\t<\/div>\n\t\t\t\t<\/div>\n\t\t\t\t<div class=\"elementor-element elementor-element-f850828 elementor-widget elementor-widget-heading\" data-id=\"f850828\" data-element_type=\"widget\" data-widget_type=\"heading.default\">\n\t\t\t\t<div class=\"elementor-widget-container\">\n\t\t\t<h2 class=\"elementor-heading-title elementor-size-default\">Fiktive Visitenkarte<\/h2>\t\t<\/div>\n\t\t\t\t<\/div>\n\t\t\t\t\t<\/div>\n\t\t\t\t<\/div>\n\t\t<div class=\"elementor-element elementor-element-1bc71cd e-flex e-con-boxed wpr-particle-no wpr-jarallax-no wpr-parallax-no wpr-sticky-section-no e-con e-parent\" data-id=\"1bc71cd\" data-element_type=\"container\">\n\t\t\t\t\t<div class=\"e-con-inner\">\n\t\t<div class=\"elementor-element elementor-element-17532bd e-con-full e-flex wpr-particle-no wpr-jarallax-no wpr-parallax-no wpr-sticky-section-no e-con e-child\" data-id=\"17532bd\" data-element_type=\"container\">\n\t\t\t\t<div class=\"elementor-element elementor-element-8a1664f elementor-widget elementor-widget-image\" data-id=\"8a1664f\" data-element_type=\"widget\" data-widget_type=\"image.default\">\n\t\t\t\t<div class=\"elementor-widget-container\">\n\t\t\t\t\t\t\t\t\t\t\t\t\t\t<a href=\"https:\/\/elena.hosting-dk.de\/wp-content\/uploads\/2024\/10\/Visitenkarte_fiktiv.png\" data-elementor-open-lightbox=\"yes\" data-elementor-lightbox-title=\"Visitenkarte_fiktiv\" data-e-action-hash=\"#elementor-action%3Aaction%3Dlightbox%26settings%3DeyJpZCI6NTY0LCJ1cmwiOiJodHRwczpcL1wvZWxlbmEuaG9zdGluZy1kay5kZVwvd3AtY29udGVudFwvdXBsb2Fkc1wvMjAyNFwvMTBcL1Zpc2l0ZW5rYXJ0ZV9maWt0aXYucG5nIn0%3D\">\n\t\t\t\t\t\t\t<img decoding=\"async\" width=\"502\" height=\"325\" src=\"https:\/\/elena.hosting-dk.de\/wp-content\/uploads\/2024\/10\/Visitenkarte_fiktiv.png\" class=\"elementor-animation-shrink attachment-large size-large wp-image-564\" alt=\"\" srcset=\"https:\/\/elena.hosting-dk.de\/wp-content\/uploads\/2024\/10\/Visitenkarte_fiktiv.png 502w, https:\/\/elena.hosting-dk.de\/wp-content\/uploads\/2024\/10\/Visitenkarte_fiktiv-300x194.png 300w\" sizes=\"(max-width: 502px) 100vw, 502px\" \/>\t\t\t\t\t\t\t\t<\/a>\n\t\t\t\t\t\t\t\t\t\t\t\t\t<\/div>\n\t\t\t\t<\/div>\n\t\t\t\t<\/div>\n\t\t<div class=\"elementor-element elementor-element-761f696 e-con-full e-flex wpr-particle-no wpr-jarallax-no wpr-parallax-no wpr-sticky-section-no e-con e-child\" data-id=\"761f696\" data-element_type=\"container\">\n\t\t\t\t<div class=\"elementor-element elementor-element-76ab6fd elementor-widget elementor-widget-image\" data-id=\"76ab6fd\" data-element_type=\"widget\" data-widget_type=\"image.default\">\n\t\t\t\t<div class=\"elementor-widget-container\">\n\t\t\t\t\t\t\t\t\t\t\t\t\t\t<a href=\"https:\/\/elena.hosting-dk.de\/wp-content\/uploads\/2024\/10\/Visitenkarte_fiktiv2.png\" data-elementor-open-lightbox=\"yes\" data-elementor-lightbox-title=\"Visitenkarte_fiktiv2\" data-e-action-hash=\"#elementor-action%3Aaction%3Dlightbox%26settings%3DeyJpZCI6NTYzLCJ1cmwiOiJodHRwczpcL1wvZWxlbmEuaG9zdGluZy1kay5kZVwvd3AtY29udGVudFwvdXBsb2Fkc1wvMjAyNFwvMTBcL1Zpc2l0ZW5rYXJ0ZV9maWt0aXYyLnBuZyJ9\">\n\t\t\t\t\t\t\t<img loading=\"lazy\" decoding=\"async\" width=\"502\" height=\"325\" src=\"https:\/\/elena.hosting-dk.de\/wp-content\/uploads\/2024\/10\/Visitenkarte_fiktiv2.png\" class=\"elementor-animation-shrink attachment-large size-large wp-image-563\" alt=\"\" srcset=\"https:\/\/elena.hosting-dk.de\/wp-content\/uploads\/2024\/10\/Visitenkarte_fiktiv2.png 502w, https:\/\/elena.hosting-dk.de\/wp-content\/uploads\/2024\/10\/Visitenkarte_fiktiv2-300x194.png 300w\" sizes=\"(max-width: 502px) 100vw, 502px\" \/>\t\t\t\t\t\t\t\t<\/a>\n\t\t\t\t\t\t\t\t\t\t\t\t\t<\/div>\n\t\t\t\t<\/div>\n\t\t\t\t<\/div>\n\t\t\t\t\t<\/div>\n\t\t\t\t<\/div>\n\t\t<div class=\"elementor-element elementor-element-5e1bfeb e-flex e-con-boxed wpr-particle-no wpr-jarallax-no wpr-parallax-no wpr-sticky-section-no e-con e-parent\" data-id=\"5e1bfeb\" data-element_type=\"container\">\n\t\t\t\t\t<div class=\"e-con-inner\">\n\t\t\t\t<div class=\"elementor-element elementor-element-ef08540 elementor-widget elementor-widget-spacer\" data-id=\"ef08540\" data-element_type=\"widget\" data-widget_type=\"spacer.default\">\n\t\t\t\t<div class=\"elementor-widget-container\">\n\t\t\t\t\t<div class=\"elementor-spacer\">\n\t\t\t<div class=\"elementor-spacer-inner\"><\/div>\n\t\t<\/div>\n\t\t\t\t<\/div>\n\t\t\t\t<\/div>\n\t\t\t\t<div class=\"elementor-element elementor-element-04bd4a2 elementor-widget elementor-widget-heading\" data-id=\"04bd4a2\" data-element_type=\"widget\" data-widget_type=\"heading.default\">\n\t\t\t\t<div class=\"elementor-widget-container\">\n\t\t\t<h2 class=\"elementor-heading-title elementor-size-default\">Pers\u00f6nliche Visitenkarte<\/h2>\t\t<\/div>\n\t\t\t\t<\/div>\n\t\t\t\t\t<\/div>\n\t\t\t\t<\/div>\n\t\t<div class=\"elementor-element elementor-element-34a2c34 e-flex e-con-boxed wpr-particle-no wpr-jarallax-no wpr-parallax-no wpr-sticky-section-no e-con e-parent\" data-id=\"34a2c34\" data-element_type=\"container\" data-settings=\"{&quot;background_background&quot;:&quot;classic&quot;}\">\n\t\t\t\t\t<div class=\"e-con-inner\">\n\t\t<div class=\"elementor-element elementor-element-4297098 e-con-full e-flex wpr-particle-no wpr-jarallax-no wpr-parallax-no wpr-sticky-section-no e-con e-child\" data-id=\"4297098\" data-element_type=\"container\">\n\t\t\t\t<div class=\"elementor-element elementor-element-1590b08 elementor-widget elementor-widget-image\" data-id=\"1590b08\" data-element_type=\"widget\" data-widget_type=\"image.default\">\n\t\t\t\t<div class=\"elementor-widget-container\">\n\t\t\t\t\t\t\t\t\t\t\t\t\t\t<a href=\"https:\/\/elena.hosting-dk.de\/wp-content\/uploads\/2024\/10\/Visitenkarte_Elena_Friesen-1.png\" data-elementor-open-lightbox=\"yes\" data-elementor-lightbox-title=\"Visitenkarte_Elena_Friesen\" data-e-action-hash=\"#elementor-action%3Aaction%3Dlightbox%26settings%3DeyJpZCI6NTYxLCJ1cmwiOiJodHRwczpcL1wvZWxlbmEuaG9zdGluZy1kay5kZVwvd3AtY29udGVudFwvdXBsb2Fkc1wvMjAyNFwvMTBcL1Zpc2l0ZW5rYXJ0ZV9FbGVuYV9Gcmllc2VuLTEucG5nIn0%3D\">\n\t\t\t\t\t\t\t<img loading=\"lazy\" decoding=\"async\" width=\"800\" height=\"518\" src=\"https:\/\/elena.hosting-dk.de\/wp-content\/uploads\/2024\/10\/Visitenkarte_Elena_Friesen-1.png\" class=\"elementor-animation-shrink attachment-large size-large wp-image-561\" alt=\"\" srcset=\"https:\/\/elena.hosting-dk.de\/wp-content\/uploads\/2024\/10\/Visitenkarte_Elena_Friesen-1.png 1004w, https:\/\/elena.hosting-dk.de\/wp-content\/uploads\/2024\/10\/Visitenkarte_Elena_Friesen-1-300x194.png 300w, https:\/\/elena.hosting-dk.de\/wp-content\/uploads\/2024\/10\/Visitenkarte_Elena_Friesen-1-768x497.png 768w\" sizes=\"(max-width: 800px) 100vw, 800px\" \/>\t\t\t\t\t\t\t\t<\/a>\n\t\t\t\t\t\t\t\t\t\t\t\t\t<\/div>\n\t\t\t\t<\/div>\n\t\t\t\t<\/div>\n\t\t<div class=\"elementor-element elementor-element-75d866e e-con-full e-flex wpr-particle-no wpr-jarallax-no wpr-parallax-no wpr-sticky-section-no e-con e-child\" data-id=\"75d866e\" data-element_type=\"container\">\n\t\t\t\t<div class=\"elementor-element elementor-element-028e149 elementor-widget elementor-widget-image\" data-id=\"028e149\" data-element_type=\"widget\" data-widget_type=\"image.default\">\n\t\t\t\t<div class=\"elementor-widget-container\">\n\t\t\t\t\t\t\t\t\t\t\t\t\t\t<a href=\"https:\/\/elena.hosting-dk.de\/wp-content\/uploads\/2024\/10\/Visitenkarte_Elena_Friesen2-1.png\" data-elementor-open-lightbox=\"yes\" data-elementor-lightbox-title=\"Visitenkarte_Elena_Friesen2\" data-e-action-hash=\"#elementor-action%3Aaction%3Dlightbox%26settings%3DeyJpZCI6NTYyLCJ1cmwiOiJodHRwczpcL1wvZWxlbmEuaG9zdGluZy1kay5kZVwvd3AtY29udGVudFwvdXBsb2Fkc1wvMjAyNFwvMTBcL1Zpc2l0ZW5rYXJ0ZV9FbGVuYV9Gcmllc2VuMi0xLnBuZyJ9\">\n\t\t\t\t\t\t\t<img loading=\"lazy\" decoding=\"async\" width=\"800\" height=\"518\" src=\"https:\/\/elena.hosting-dk.de\/wp-content\/uploads\/2024\/10\/Visitenkarte_Elena_Friesen2-1.png\" class=\"elementor-animation-shrink attachment-large size-large wp-image-562\" alt=\"\" srcset=\"https:\/\/elena.hosting-dk.de\/wp-content\/uploads\/2024\/10\/Visitenkarte_Elena_Friesen2-1.png 1004w, https:\/\/elena.hosting-dk.de\/wp-content\/uploads\/2024\/10\/Visitenkarte_Elena_Friesen2-1-300x194.png 300w, https:\/\/elena.hosting-dk.de\/wp-content\/uploads\/2024\/10\/Visitenkarte_Elena_Friesen2-1-768x497.png 768w\" sizes=\"(max-width: 800px) 100vw, 800px\" \/>\t\t\t\t\t\t\t\t<\/a>\n\t\t\t\t\t\t\t\t\t\t\t\t\t<\/div>\n\t\t\t\t<\/div>\n\t\t\t\t<\/div>\n\t\t\t\t\t<\/div>\n\t\t\t\t<\/div>\n\t\t<div class=\"elementor-element elementor-element-4614394 e-flex e-con-boxed wpr-particle-no wpr-jarallax-no wpr-parallax-no wpr-sticky-section-no e-con e-parent\" data-id=\"4614394\" data-element_type=\"container\">\n\t\t\t\t\t<div class=\"e-con-inner\">\n\t\t\t\t<div class=\"elementor-element elementor-element-566bb22 elementor-widget elementor-widget-spacer\" data-id=\"566bb22\" data-element_type=\"widget\" data-widget_type=\"spacer.default\">\n\t\t\t\t<div class=\"elementor-widget-container\">\n\t\t\t\t\t<div class=\"elementor-spacer\">\n\t\t\t<div class=\"elementor-spacer-inner\"><\/div>\n\t\t<\/div>\n\t\t\t\t<\/div>\n\t\t\t\t<\/div>\n\t\t\t\t\t<\/div>\n\t\t\t\t<\/div>\n\t\t\t\t<section class=\"elementor-section elementor-top-section elementor-element elementor-element-4fad2d11 elementor-section-full_width elementor-section-height-default elementor-section-height-default wpr-particle-no wpr-jarallax-no wpr-parallax-no wpr-sticky-section-no\" data-id=\"4fad2d11\" data-element_type=\"section\" data-settings=\"{&quot;background_background&quot;:&quot;classic&quot;}\">\n\t\t\t\t\t\t\t<div class=\"elementor-background-overlay\"><\/div>\n\t\t\t\t\t\t\t<div class=\"elementor-container elementor-column-gap-default\">\n\t\t\t\t\t<div class=\"elementor-column elementor-col-50 elementor-top-column elementor-element elementor-element-48fd1a26\" data-id=\"48fd1a26\" data-element_type=\"column\">\n\t\t\t<div class=\"elementor-widget-wrap\">\n\t\t\t\t\t\t\t<\/div>\n\t\t<\/div>\n\t\t\t\t<div class=\"elementor-column elementor-col-50 elementor-top-column elementor-element elementor-element-42d67fe8\" data-id=\"42d67fe8\" data-element_type=\"column\">\n\t\t\t<div class=\"elementor-widget-wrap elementor-element-populated\">\n\t\t\t\t\t\t<div class=\"elementor-element elementor-element-31b61a14 elementor-widget elementor-widget-text-editor\" data-id=\"31b61a14\" data-element_type=\"widget\" data-widget_type=\"text-editor.default\">\n\t\t\t\t<div class=\"elementor-widget-container\">\n\t\t\t\t\t\t\t<p><a href=\"https:\/\/elena.hosting-dk.de\">Homepage<\/a><br \/><a href=\"https:\/\/elena.hosting-dk.de\/?page_id=182\">\u00dcber mich<\/a><br \/><a href=\"https:\/\/elena.hosting-dk.de\/?page_id=374\">Projekte<\/a><br \/><a href=\"https:\/\/elena.hosting-dk.de\/?page_id=396\">Impressum<\/a><\/p><p>\u00a9 Elena Friesen, 2024. Alle Rechte vorbehalten.<\/p>\t\t\t\t\t\t<\/div>\n\t\t\t\t<\/div>\n\t\t\t\t\t<\/div>\n\t\t<\/div>\n\t\t\t\t\t<\/div>\n\t\t<\/section>\n\t\t\t\t<\/div>\n\t\t","protected":false},"excerpt":{"rendered":"<p>Homepage \u00dcber mich Projekte Brosch\u00fcren Visitenkarten Plakate, Flyer und Folder Impressum Homepage \u00dcber mich Projekte Brosch\u00fcren Visitenkarten Plakate, Flyer und Folder Impressum Brosch\u00fcren Hier findest du meine gestalteten Visitenkarten &#8211; viel Spa\u00df beim St\u00f6rbern! EDMX- Visitenkarte Fiktive Visitenkarte Pers\u00f6nliche Visitenkarte Homepage\u00dcber michProjekteImpressum \u00a9 Elena Friesen, 2024. Alle Rechte vorbehalten.<\/p>\n","protected":false},"author":1,"featured_media":0,"parent":0,"menu_order":0,"comment_status":"closed","ping_status":"closed","template":"elementor_canvas","meta":{"footnotes":""},"class_list":["post-389","page","type-page","status-publish","hentry"],"_links":{"self":[{"href":"https:\/\/elena.hosting-dk.de\/index.php?rest_route=\/wp\/v2\/pages\/389","targetHints":{"allow":["GET"]}}],"collection":[{"href":"https:\/\/elena.hosting-dk.de\/index.php?rest_route=\/wp\/v2\/pages"}],"about":[{"href":"https:\/\/elena.hosting-dk.de\/index.php?rest_route=\/wp\/v2\/types\/page"}],"author":[{"embeddable":true,"href":"https:\/\/elena.hosting-dk.de\/index.php?rest_route=\/wp\/v2\/users\/1"}],"replies":[{"embeddable":true,"href":"https:\/\/elena.hosting-dk.de\/index.php?rest_route=%2Fwp%2Fv2%2Fcomments&post=389"}],"version-history":[{"count":31,"href":"https:\/\/elena.hosting-dk.de\/index.php?rest_route=\/wp\/v2\/pages\/389\/revisions"}],"predecessor-version":[{"id":912,"href":"https:\/\/elena.hosting-dk.de\/index.php?rest_route=\/wp\/v2\/pages\/389\/revisions\/912"}],"wp:attachment":[{"href":"https:\/\/elena.hosting-dk.de\/index.php?rest_route=%2Fwp%2Fv2%2Fmedia&parent=389"}],"curies":[{"name":"wp","href":"https:\/\/api.w.org\/{rel}","templated":true}]}}